me number?
True
Is 853009 a prime number?
False
Is 29797 a prime number?
False
Is 2203 composite?
False
Is 131243 prime?
False
Is 357533 prime?
False
Is 106261 prime?
True
Is 2843 a composite number?
False
Is 13333 a prime number?
False
Is 15349 a prime number?
True
Is 10877 a composite number?
True
Is 19253 a composite number?
True
Is 1193 a composite number?
False
Is 189187 composite?
False
Is 16321 a composite number?
True
Is 1403789 composite?
False
Is 202519 a prime number?
True
Is 72337 composite?
False
Is 876131 a prime number?
True
Is 3223 a prime number?
False
Is 44867 composite?
False
Is 1147 a prime number?
False
Is 1721983 a prime number?
True
Is 39499 a composite number?
False
Is 48161 a prime number?
False
Is 340699 a prime number?
False
Is 1681321 a prime number?
True
Is 152603 a prime number?
False
Is 494191 a prime number?
True
Is 37763 composite?
True
Is 293 prime?
True
Is 114259 prime?
True
Is 46021 a prime number?
True
Is 202651 a prime number?
False
Is 74131 a prime number?
True
Is 44789 composite?
False
Is 8623 composite?
False
Is 99761 composite?
False
Is 3587 a composite number?
True
Is 9793 composite?
True
Is 379 a composite number?
False
Is 5333 prime?
True
Is 91009 composite?
False
Is 7103 a prime number?
True
Is 15673 prime?
False
Is 1807 a prime number?
False
Is 4043967 a composite number?
True
Is 39899 a prime number?
False
Is 43541 a composite number?
False
Is 205991 prime?
True
Is 4721 a composite number?
False
Is 71593 composite?
False
Is 10687 a composite number?
False
Is 580501 a composite number?
True
Is 93593 a composite number?
True
Is 84347 a composite number?
False
Is 37441 composite?
False
Is 186931 prime?
False
Is 8813 composite?
True
Is 4091 prime?
True
Is 44015 a composite number?
True
Is 289 a composite number?
True
Is 583941 prime?
False
Is 24659 a prime number?
True
Is 3295 a composite number?
True
Is 87467 prime?
False
Is 231169 a prime number?
True
Is 255613 a composite number?
False
Is 161681 a prime number?
False
Is 481757 composite?
True
Is 105601 a composite number?
False
Is 1379 prime?
False
Is 21631 a composite number?
True
Is 694334 a composite number?
True
Is 59043 composite?
True
Is 507163 a composite number?
False
Is 1637 a prime number?
True
Is 9029 prime?
True
Is 686381 a composite number?
True
Is 653971 prime?
False
Is 23729 a prime number?
False
Is 7609 a composite number?
True
Is 889237 a composite number?
False
Is 75751 a prime number?
False
Is 21377 composite?
False
Is 614683 a composite number?
False
Is 1574039 a prime number?
True
Is 302387 composite?
True
Is 170789 prime?
False
Is 7621 prime?
True
Is 2271797 composite?
True
Is 57301 a prime number?
True
Is 461867 a composite number?
True
Is 95143 a prime number?
True
Is 129707 composite?
False
Is 881495 composite?
True
Is 14143 composite?
False
Is 43361 a composite number?
True
Is 355187 composite?
True
Is 2627143 prime?
True
Is 12607 a composite number?
True
Is 1292937 a composite number?
True
Is 139 a prime number?
True
Is 113537 prime?
True
Is 109481 a prime number?
True
Is 689951 a composite number?
False
Is 318523 a composite number?
False
Is 1566479 a prime number?
True
Is 12981 prime?
False
Is 130939 composite?
True
Is 92405 composite?
True
Is 32159 a composite number?
False
Is 115831 a prime number?
True
Is 4327 prime?
True
Is 90731 prime?
True
Is 29251 composite?
False
Is 753 prime?
False
Is 7993 a composite number?
False
Is 70739 composite?
True
Is 143873 prime?
True
Is 167593 a composite number?
False
Is 67003 a prime number?
True
Is 58549 composite?
False
Is 17203 composite?
False
Is 11669 composite?
True
Is 457889 composite?
False
Is 4637 prime?
True
Is 586714 a prime number?
False
Is 216455 a prime number?
False
Is 77839 a composite number?
False
Is 6245 a prime number?
False
Is 1651 a composite number?
True
Is 228409 composite?
False
Is 23929 composite?
False
Is 405029 a prime number?
True
Is 267929 prime?
True
Is 68767 prime?
True
Is 11827 a prime number?
True
Is 155521 prime?
True
Is 2913 a composite number?
True
Is 3163 prime?
True
Is 1762499 composite?
False
Is 3455 a prime number?
False
Is 152417 a prime number?
True
Is 4417 prime?
False
Is 171131 prime?
True
Is 7853 a composite number?
False
Is 1537 composite?
True
Is 6295 a prime number?
False
Is 17401 prime?
True
Is 15569 composite?
False
Is 3323 prime?
True
Is 132607 composite?
False
Is 20578 prime?
False
Is 61231 prime?
True
Is 4721 prime?
True
Is 3271 a composite number?
False
Is 28879 prime?
True
Is 3122021 a prime number?
False
Is 1016909 prime?
True
Is 190151 prime?
False
Is 4771 composite?
True
Is 6371 composite?
True
Is 352691 prime?
True
Is 38371 composite?
False
Is 713971 prime?
False
Is 1123 prime?
True
Is 90989 composite?
False
Is 20323 a composite number?
False
Is 160501 prime?
False
Is 923555 composite?
True
Is 1313 composite?
True
Is 204427 a composite number?
False
Is 19661 composite?
False
Is 226 prime?
False
Is 120181 a prime number?
True
Is 491297 a composite number?
False
Is 209497 a composite number?
False
Is 3503 composite?
True
Is 82743 composite?
True
Is 29611 a composite number?
False
Is 157889 composite?
False
Is 1394251 a prime number?
True
Is 15919 a composite number?
False
Is 26369 prime?
False
Is 49705 a composite number?
True
Is 15907 prime?
True
Is 16717 a composite number?
True
Is 225569 a prime number?
True
Is 10519 a composite number?
True
Is 73957 a prime number?
False
Is 1382449 composite?
False
Is 11953 prime?
True
Is 18169 a composite number?
False
Is 20981 composite?
False
Is 66277 a prime number?
False
Is 759797 prime?
True
Is 18931 a prime number?
False
Is 2459 prime?
True
Is 62497 prime?
True
Is 287467 composite?
True
Is 460789 a prime number?
False
Is 124387 a prime number?
False
Is 6449 composite?
False
Is 31103 composite?
True
Is 59021 composite?
False
Is 532129 composite?
True
Is 1685 a composite number?
True
Is 242911 a prime number?
True
Is 515311 prime?
True
Is 8147 prime?
True
Is 72997 prime?
True
Is 61121 a prime number?
True
Is 20257 composite?
True
Is 111187 composite?
False
Is 328619 a composite number?
False
Is 350527 a composite number?
True
Is 2153 a composite number?
False
Is 15079 prime?
False
Is 5167 a composite number?
False
Is 277637 a composite number?
False
Is 25273 a composite number?
True
Is 41057 composite?
False
Is 58321 a composite number?
False
Is 7651 prime?
False
Is 421159 a composite number?
False
Is 22047 a composite number?
True
Is 19207 prime?
True
Is 104513 a prime number?
True
Is 183659 prime?
False
Is 534827 composite?
False
Is 412589 prime?
True
Is 36973 a prime number?
True
Is 15118 a prime number?
False
Is 85103 composite?
False
Is 23207 a composite number?
True
Is 1039 a composite number?
False
Is 4629 a prime number?
False
Is 404773 a prime number?
True
Is 117743 a composite number?
True
Is 152809 a composite number?
False
Is 709955 prime?
False
Is 161717 composite?
False
Is 281947 prime?
True
Is 299603 composite?
False
Is 96851 a composite number?
False
Is 133613 composite?
True
Is 202 a composite number?
True
Is 32107 prime?
False
Is 103669 a composite number?
False
Is 1720609 a composite number?
True
Is 3831 a prime number?
False
Is 36187 prime?
True
Is 7067 a composite number?
True
Is 413011 prime?
False
Is 703759 a composite number?
True
Is 146649 prime?
False
Is 614561 composite?
False
Is 29803 a composite number?
False
Is 2815 a prime number?
False
Is 1068239 prime?
False
Is 23917 a prime number?
True
Is 45233 a prime number?
True
Is 2153 composite?
False
Is 290593 a prime number?
True
Is 633 prime?
False
Is 2489371 composite?
False
Is 107339 a prime number?
True
Is 2358677 composite?
False
Is 393103 a composite number?
False
Is 19661 a prime number?
True
Is 138071 a prime number?
True
Is 176181 a composite number?
True
Is 1465633 composite?
True
Is 79214 a composite number?
True
Is 40457 a composite number?
True
Is 14221 prime?
True
Is 50641 a composite number?
True
Is 57037 a composite number?
False
Is 74551 composite?
False
Is 145853 a prime number?
False
Is 237571 a prime number?
True
Is 420241 composite?
False
Is 2203 prime?
True
Is 2795189 a composite number?
False
Is 42611 a composite number?
False
Is 6709 a prime number?
True
Is 81331 composite?
Fals